{"id":2745,"date":"2023-10-10T13:57:01","date_gmt":"2023-10-10T13:57:01","guid":{"rendered":"https:\/\/h.elos.dev\/site\/case-central-do-franqueado-2\/"},"modified":"2023-10-16T14:33:17","modified_gmt":"2023-10-16T14:33:17","slug":"central-do-franqueado","status":"publish","type":"page","link":"https:\/\/h.elos.dev\/site\/central-do-franqueado\/","title":{"rendered":"Case Central do Franqueado"},"content":{"rendered":"\t\t<div data-elementor-type=\"wp-page\" data-elementor-id=\"2745\" class=\"elementor elementor-2745\">\n\t\t\t\t<div class=\"elementor-element elementor-element-30e79797 e-flex e-con-boxed elementor-invisible e-con e-parent\" data-id=\"30e79797\" data-element_type=\"container\" data-settings=\"{&quot;background_background&quot;:&quot;classic&quot;,&quot;animation&quot;:&quot;fadeIn&quot;}\">\n\t\t\t\t\t<div class=\"e-con-inner\">\n\t\t<div class=\"elementor-element elementor-element-2cc542d1 e-con-full e-flex e-con e-child\" data-id=\"2cc542d1\" data-element_type=\"container\" data-settings=\"{&quot;background_background&quot;:&quot;classic&quot;}\">\n\t\t\t\t<div class=\"elementor-element elementor-element-1b62903f elementor-widget elementor-widget-image\" data-id=\"1b62903f\" data-element_type=\"widget\" data-widget_type=\"image.default\">\n\t\t\t\t<div class=\"elementor-widget-container\">\n\t\t\t\t\t\t\t\t\t\t\t\t\t\t\t<img decoding=\"async\" width=\"178\" height=\"60\" src=\"https:\/\/h.elos.dev\/wp-content\/uploads\/2023\/09\/centraldofranqueado-1.png\" class=\"attachment-full size-full wp-image-2336\" alt=\"\" \/>\t\t\t\t\t\t\t\t\t\t\t\t\t\t\t<\/div>\n\t\t\t\t<\/div>\n\t\t\t\t<\/div>\n\t\t\t\t\t<\/div>\n\t\t\t\t<\/div>\n\t\t<div class=\"elementor-element elementor-element-6ebf6785 e-flex e-con-boxed elementor-invisible e-con e-parent\" data-id=\"6ebf6785\" data-element_type=\"container\" data-settings=\"{&quot;animation&quot;:&quot;fadeIn&quot;}\">\n\t\t\t\t\t<div class=\"e-con-inner\">\n\t\t\t\t<div class=\"elementor-element elementor-element-1f8aafdb elementor-widget elementor-widget-icon-box\" data-id=\"1f8aafdb\" data-element_type=\"widget\" data-widget_type=\"icon-box.default\">\n\t\t\t\t<div class=\"elementor-widget-container\">\n\t\t\t\t\t\t\t<div class=\"elementor-icon-box-wrapper\">\n\n\t\t\t\n\t\t\t\t\t\t<div class=\"elementor-icon-box-content\">\n\n\t\t\t\t\n\t\t\t\t\t\t\t\t\t<p class=\"elementor-icon-box-description\">\n\t\t\t\t\t\tA Central do Franqueado estava em busca de uma plataforma que auxiliasse na comunica\u00e7\u00e3o entre franqueador e franqueado. Al\u00e9m disso, buscava uma forma de trazer inova\u00e7\u00e3o e diferencia\u00e7\u00e3o em um mercado cada vez mais competitivo.\t\t\t\t\t<\/p>\n\t\t\t\t\n\t\t\t<\/div>\n\t\t\t\n\t\t<\/div>\n\t\t\t\t\t\t<\/div>\n\t\t\t\t<\/div>\n\t\t<div class=\"elementor-element elementor-element-44b48e5f e-flex e-con-boxed e-con e-child\" data-id=\"44b48e5f\" data-element_type=\"container\">\n\t\t\t\t\t<div class=\"e-con-inner\">\n\t\t\t\t<div class=\"elementor-element elementor-element-601ea9c4 elementor-widget elementor-widget-heading\" data-id=\"601ea9c4\" data-element_type=\"widget\" data-widget_type=\"heading.default\">\n\t\t\t\t<div class=\"elementor-widget-container\">\n\t\t\t\t\t<h2 class=\"elementor-heading-title elementor-size-default\">Como auxiliamos a Central do Franquado?<\/h2>\t\t\t\t<\/div>\n\t\t\t\t<\/div>\n\t\t\t\t<div class=\"elementor-element elementor-element-2a966b26 elementor-widget elementor-widget-text-editor\" data-id=\"2a966b26\" data-element_type=\"widget\" data-widget_type=\"text-editor.default\">\n\t\t\t\t<div class=\"elementor-widget-container\">\n\t\t\t\t\t\t\t\t\t<ul><li aria-level=\"1\">O Elos foi integrado ao sistema da Central do Franqueado atrav\u00e9s da nossa API, trazendo mais personaliza\u00e7\u00e3o;<\/li><\/ul><p>\u00a0<\/p><ul><li aria-level=\"1\">Atrav\u00e9s dos relat\u00f3rios de uso do Elos, a Central oferece Indicadores de Atendimento aos seus clientes, auxiliando na visualiza\u00e7\u00e3o dos investimentos, controle e armazenamento das informa\u00e7\u00f5es.<\/li><\/ul><p>\u00a0<\/p>\t\t\t\t\t\t\t\t<\/div>\n\t\t\t\t<\/div>\n\t\t\t\t\t<\/div>\n\t\t\t\t<\/div>\n\t\t<div class=\"elementor-element elementor-element-1a9bbd7d e-flex e-con-boxed e-con e-child\" data-id=\"1a9bbd7d\" data-element_type=\"container\" data-settings=\"{&quot;background_background&quot;:&quot;classic&quot;}\">\n\t\t\t\t\t<div class=\"e-con-inner\">\n\t\t\t\t<div class=\"elementor-element elementor-element-484fbef4 elementor-widget elementor-widget-text-editor\" data-id=\"484fbef4\" data-element_type=\"widget\" data-widget_type=\"text-editor.default\">\n\t\t\t\t<div class=\"elementor-widget-container\">\n\t\t\t\t\t\t\t\t\t<p><i><span style=\"font-weight: 400;\">&#8220;A inova\u00e7\u00e3o que o Elos trouxe para a Central foi muito importante. A videoconfer\u00eancia n\u00e3o era comum no nosso ramo, e fomos os primeiros a oferecer isso. Em rela\u00e7\u00e3o ao mercado, essa parceria foi muito boa para n\u00f3s.&#8221; <\/span><\/i><b><i>Jo\u00e3o Cabral, CTO da Central do Franqueado.<\/i><\/b><\/p>\t\t\t\t\t\t\t\t<\/div>\n\t\t\t\t<\/div>\n\t\t\t\t\t<\/div>\n\t\t\t\t<\/div>\n\t\t\t\t\t<\/div>\n\t\t\t\t<\/div>\n\t\t<div class=\"elementor-element elementor-element-2cd8a321 e-flex e-con-boxed elementor-invisible e-con e-parent\" data-id=\"2cd8a321\" data-element_type=\"container\" data-settings=\"{&quot;background_background&quot;:&quot;classic&quot;,&quot;animation&quot;:&quot;fadeIn&quot;}\">\n\t\t\t\t\t<div class=\"e-con-inner\">\n\t\t\t\t<div class=\"elementor-element elementor-element-49927874 elementor-widget__width-initial elementor-widget elementor-widget-heading\" data-id=\"49927874\" data-element_type=\"widget\" data-widget_type=\"heading.default\">\n\t\t\t\t<div class=\"elementor-widget-container\">\n\t\t\t\t\t<h2 class=\"elementor-heading-title elementor-size-default\">Se voc\u00ea tamb\u00e9m quer ter esses resultados entre em contato com a gente<\/h2>\t\t\t\t<\/div>\n\t\t\t\t<\/div>\n\t\t\t\t<div class=\"elementor-element elementor-element-6a9abd93 elementor-widget elementor-widget-button\" data-id=\"6a9abd93\" data-element_type=\"widget\" data-widget_type=\"button.default\">\n\t\t\t\t<div class=\"elementor-widget-container\">\n\t\t\t\t\t\t\t\t\t<div class=\"elementor-button-wrapper\">\n\t\t\t\t\t<a class=\"elementor-button elementor-button-link elementor-size-sm elementor-animation-grow\" href=\"https:\/\/h.elos.dev\/site\/agendar-demonstracao\/\">\n\t\t\t\t\t\t<span class=\"elementor-button-content-wrapper\">\n\t\t\t\t\t\t\t\t\t<span class=\"elementor-button-text\">Falar com especialista<\/span>\n\t\t\t\t\t<\/span>\n\t\t\t\t\t<\/a>\n\t\t\t\t<\/div>\n\t\t\t\t\t\t\t\t<\/div>\n\t\t\t\t<\/div>\n\t\t\t\t\t<\/div>\n\t\t\t\t<\/div>\n\t\t<div class=\"elementor-element elementor-element-5de0413 e-flex e-con-boxed e-con e-parent\" data-id=\"5de0413\" data-element_type=\"container\">\n\t\t\t\t\t<div class=\"e-con-inner\">\n\t\t<div class=\"elementor-element elementor-element-59a10289 e-flex e-con-boxed e-con e-child\" data-id=\"59a10289\" data-element_type=\"container\">\n\t\t\t\t\t<div class=\"e-con-inner\">\n\t\t\t\t<div class=\"elementor-element elementor-element-5650c305 elementor-widget elementor-widget-html\" data-id=\"5650c305\" data-element_type=\"widget\" data-widget_type=\"html.default\">\n\t\t\t\t<div class=\"elementor-widget-container\">\n\t\t\t\t\t<style>\n    .content {\n        max-width: 1310px;\n    }\n<\/style>\t\t\t\t<\/div>\n\t\t\t\t<\/div>\n\t\t\t\t\t<\/div>\n\t\t\t\t<\/div>\n\t\t\t\t\t<\/div>\n\t\t\t\t<\/div>\n\t\t\t\t<\/div>\n\t\t","protected":false},"excerpt":{"rendered":"<p>A Central do Franqueado estava em busca de uma plataforma que auxiliasse na comunica\u00e7\u00e3o entre franqueador e franqueado. Al\u00e9m disso, buscava uma forma de trazer inova\u00e7\u00e3o e diferencia\u00e7\u00e3o em um mercado cada vez mais competitivo. Como auxiliamos a Central do Franquado? O Elos foi integrado ao sistema da Central do Franqueado atrav\u00e9s da nossa API, [&hellip;]<\/p>\n","protected":false},"author":1,"featured_media":0,"parent":0,"menu_order":0,"comment_status":"closed","ping_status":"closed","template":"elementor_header_footer","meta":{"footnotes":""},"class_list":["post-2745","page","type-page","status-publish","hentry"],"aioseo_notices":[],"_links":{"self":[{"href":"https:\/\/h.elos.dev\/site\/wp-json\/wp\/v2\/pages\/2745","targetHints":{"allow":["GET"]}}],"collection":[{"href":"https:\/\/h.elos.dev\/site\/wp-json\/wp\/v2\/pages"}],"about":[{"href":"https:\/\/h.elos.dev\/site\/wp-json\/wp\/v2\/types\/page"}],"author":[{"embeddable":true,"href":"https:\/\/h.elos.dev\/site\/wp-json\/wp\/v2\/users\/1"}],"replies":[{"embeddable":true,"href":"https:\/\/h.elos.dev\/site\/wp-json\/wp\/v2\/comments?post=2745"}],"version-history":[{"count":13,"href":"https:\/\/h.elos.dev\/site\/wp-json\/wp\/v2\/pages\/2745\/revisions"}],"predecessor-version":[{"id":3132,"href":"https:\/\/h.elos.dev\/site\/wp-json\/wp\/v2\/pages\/2745\/revisions\/3132"}],"wp:attachment":[{"href":"https:\/\/h.elos.dev\/site\/wp-json\/wp\/v2\/media?parent=2745"}],"curies":[{"name":"wp","href":"https:\/\/api.w.org\/{rel}","templated":true}]}}